{"id":44,"date":"2023-06-22T17:27:42","date_gmt":"2023-06-22T17:27:42","guid":{"rendered":"https:\/\/www.agronomoscuenca.es\/?page_id=44"},"modified":"2023-06-22T17:27:44","modified_gmt":"2023-06-22T17:27:44","slug":"quien-somos","status":"publish","type":"page","link":"https:\/\/www.agronomoscuenca.es\/index.php\/quien-somos\/","title":{"rendered":"QUIEN SOMOS"},"content":{"rendered":"<div class=\"wp-block-image\">\n<figure class=\"aligncenter size-large\"><img loading=\"lazy\" decoding=\"async\" width=\"1024\" height=\"416\" src=\"https:\/\/www.agronomoscuenca.es\/wp-content\/uploads\/2023\/06\/apiac-asociacion-ingenieros-agronomos-de-cuenca-02-1024x416.jpg\" alt=\"\" class=\"wp-image-45\" srcset=\"https:\/\/www.agronomoscuenca.es\/wp-content\/uploads\/2023\/06\/apiac-asociacion-ingenieros-agronomos-de-cuenca-02-1024x416.jpg 1024w, https:\/\/www.agronomoscuenca.es\/wp-content\/uploads\/2023\/06\/apiac-asociacion-ingenieros-agronomos-de-cuenca-02-300x122.jpg 300w, https:\/\/www.agronomoscuenca.es\/wp-content\/uploads\/2023\/06\/apiac-asociacion-ingenieros-agronomos-de-cuenca-02-768x312.jpg 768w, https:\/\/www.agronomoscuenca.es\/wp-content\/uploads\/2023\/06\/apiac-asociacion-ingenieros-agronomos-de-cuenca-02.jpg 1351w\" sizes=\"auto, (max-width: 1024px) 100vw, 1024px\" \/><\/figure>\n<\/div>\n\n\n<p>La Asociaci\u00f3n Profesional de Ingenieros Agr\u00f3nomos de Cuenca nace en 2.012 con un doble\u00a0 objetivo: Por una parte, servir como interlocutor del colectivo frente a la Administraci\u00f3n y a los Medios de Comunicaci\u00f3n.<\/p>\n\n\n\n<p>Por otra parte, aunar las demandas de los Ingenieros Agr\u00f3nomos que desarrollan su labor profesional en la provincia de Cuenca y m\u00e1s concretamente, de aquellos que se dedican al ejercicio libre de la profesi\u00f3n y que tienen unas necesidades espec\u00edficas, distintas de las que pudieran tener aquellos que trabajan por cuenta ajena o en Organos de la Administraci\u00f3n.<\/p>\n\n\n\n<p>Estas demandas abarcan toda la actividad del Ingeniero Agr\u00f3nomo y se centran en la defensa de sus competencias, la promoci\u00f3n del ejercicio libre de la profesi\u00f3n, las actividades de fomento y desarrollo de la actividad agropecuaria, la docencia y formaci\u00f3n de nuevos agricultores\/ganaderos, el desarrollo local, la actividad consultiva sobre agricultura y medio ambiente, etc.<\/p>\n\n\n\n<p>La Asociaci\u00f3n aglutina a Ingenieros colegiados en distintas demarcaciones geogr\u00e1ficas: Centro, Albacete y Levante. No pretende ser un sustitutivo de los Colegios Profesionales, aunque s\u00ed que tiene como uno de sus principales objetivos la defensa activa del ejercicio libre de la profesi\u00f3n, campo \u00e9ste en el que hay mucho por hacer.<\/p>\n\n\n\n<p>Dado que el ambito profesional del Ingeniero Agr\u00f3nomo es muy amplio, los campos de actuaci\u00f3n son tambi\u00e9n variados, as\u00ed como los interlocutores de la misma en todos los casos: Junta de Comunidades de Castilla la Mancha, Ayuntamientos, Diputaci\u00f3n, Grupos de Acci\u00f3n Local, Sindicatos Agrarios, Entidades de Cr\u00e9dito, etc.<\/p>\n\n\n\n<p>As\u00ed pues, desde esta p\u00e1gina web, que pretende ser el principal medio de transmisi\u00f3n de las acciones desarrolladas por la Asociaci\u00f3n, iremos centralizando a partir de ahora de forma din\u00e1mica la actividad de \u00e9sta y de sus asociados.<\/p>\n","protected":false},"excerpt":{"rendered":"<p>La Asociaci\u00f3n Profesional de Ingenieros Agr\u00f3nomos de Cuenca nace en 2.012 con un doble\u00a0 objetivo: Por una parte, servir como interlocutor del colectivo frente a la Administraci\u00f3n y a los Medios de Comunicaci\u00f3n. Por otra parte, aunar las demandas de los Ingenieros Agr\u00f3nomos que desarrollan su labor profesional en la provincia de Cuenca y m\u00e1s [&hellip;]<\/p>\n","protected":false},"author":1,"featured_media":0,"parent":0,"menu_order":0,"comment_status":"closed","ping_status":"closed","template":"","meta":{"footnotes":""},"class_list":["post-44","page","type-page","status-publish","czr-hentry"],"yoast_head":"<!-- This site is optimized with the Yoast SEO plugin v26.6 - https:\/\/yoast.com\/wordpress\/plugins\/seo\/ -->\n<title>QUIEN SOMOS - APIAC<\/title>\n<meta name=\"robots\" content=\"index, follow, max-snippet:-1, max-image-preview:large, max-video-preview:-1\" \/>\n<link rel=\"canonical\" href=\"https:\/\/www.agronomoscuenca.es\/index.php\/quien-somos\/\" \/>\n<meta property=\"og:locale\" content=\"es_ES\" \/>\n<meta property=\"og:type\" content=\"article\" \/>\n<meta property=\"og:title\" content=\"QUIEN SOMOS - APIAC\" \/>\n<meta property=\"og:description\" content=\"La Asociaci\u00f3n Profesional de Ingenieros Agr\u00f3nomos de Cuenca nace en 2.012 con un doble\u00a0 objetivo: Por una parte, servir como interlocutor del colectivo frente a la Administraci\u00f3n y a los Medios de Comunicaci\u00f3n. Por otra parte, aunar las demandas de los Ingenieros Agr\u00f3nomos que desarrollan su labor profesional en la provincia de Cuenca y m\u00e1s [&hellip;]\" \/>\n<meta property=\"og:url\" content=\"https:\/\/www.agronomoscuenca.es\/index.php\/quien-somos\/\" \/>\n<meta property=\"og:site_name\" content=\"APIAC\" \/>\n<meta property=\"article:modified_time\" content=\"2023-06-22T17:27:44+00:00\" \/>\n<meta property=\"og:image\" content=\"https:\/\/www.agronomoscuenca.es\/wp-content\/uploads\/2023\/06\/apiac-asociacion-ingenieros-agronomos-de-cuenca-02-1024x416.jpg\" \/>\n<meta name=\"twitter:card\" content=\"summary_large_image\" \/>\n<meta name=\"twitter:label1\" content=\"Tiempo de lectura\" \/>\n\t<meta name=\"twitter:data1\" content=\"2 minutos\" \/>\n<script type=\"application\/ld+json\" class=\"yoast-schema-graph\">{\"@context\":\"https:\/\/schema.org\",\"@graph\":[{\"@type\":\"WebPage\",\"@id\":\"https:\/\/www.agronomoscuenca.es\/index.php\/quien-somos\/\",\"url\":\"https:\/\/www.agronomoscuenca.es\/index.php\/quien-somos\/\",\"name\":\"QUIEN SOMOS - APIAC\",\"isPartOf\":{\"@id\":\"https:\/\/www.agronomoscuenca.es\/#website\"},\"primaryImageOfPage\":{\"@id\":\"https:\/\/www.agronomoscuenca.es\/index.php\/quien-somos\/#primaryimage\"},\"image\":{\"@id\":\"https:\/\/www.agronomoscuenca.es\/index.php\/quien-somos\/#primaryimage\"},\"thumbnailUrl\":\"https:\/\/www.agronomoscuenca.es\/wp-content\/uploads\/2023\/06\/apiac-asociacion-ingenieros-agronomos-de-cuenca-02-1024x416.jpg\",\"datePublished\":\"2023-06-22T17:27:42+00:00\",\"dateModified\":\"2023-06-22T17:27:44+00:00\",\"breadcrumb\":{\"@id\":\"https:\/\/www.agronomoscuenca.es\/index.php\/quien-somos\/#breadcrumb\"},\"inLanguage\":\"es\",\"potentialAction\":[{\"@type\":\"ReadAction\",\"target\":[\"https:\/\/www.agronomoscuenca.es\/index.php\/quien-somos\/\"]}]},{\"@type\":\"ImageObject\",\"inLanguage\":\"es\",\"@id\":\"https:\/\/www.agronomoscuenca.es\/index.php\/quien-somos\/#primaryimage\",\"url\":\"https:\/\/www.agronomoscuenca.es\/wp-content\/uploads\/2023\/06\/apiac-asociacion-ingenieros-agronomos-de-cuenca-02-1024x416.jpg\",\"contentUrl\":\"https:\/\/www.agronomoscuenca.es\/wp-content\/uploads\/2023\/06\/apiac-asociacion-ingenieros-agronomos-de-cuenca-02-1024x416.jpg\"},{\"@type\":\"BreadcrumbList\",\"@id\":\"https:\/\/www.agronomoscuenca.es\/index.php\/quien-somos\/#breadcrumb\",\"itemListElement\":[{\"@type\":\"ListItem\",\"position\":1,\"name\":\"Portada\",\"item\":\"https:\/\/www.agronomoscuenca.es\/\"},{\"@type\":\"ListItem\",\"position\":2,\"name\":\"QUIEN SOMOS\"}]},{\"@type\":\"WebSite\",\"@id\":\"https:\/\/www.agronomoscuenca.es\/#website\",\"url\":\"https:\/\/www.agronomoscuenca.es\/\",\"name\":\"APIAC\",\"description\":\"Asociaci\u00f3n Profesional de Ingenieros Agronomos\",\"publisher\":{\"@id\":\"https:\/\/www.agronomoscuenca.es\/#organization\"},\"potentialAction\":[{\"@type\":\"SearchAction\",\"target\":{\"@type\":\"EntryPoint\",\"urlTemplate\":\"https:\/\/www.agronomoscuenca.es\/?s={search_term_string}\"},\"query-input\":{\"@type\":\"PropertyValueSpecification\",\"valueRequired\":true,\"valueName\":\"search_term_string\"}}],\"inLanguage\":\"es\"},{\"@type\":\"Organization\",\"@id\":\"https:\/\/www.agronomoscuenca.es\/#organization\",\"name\":\"APIAC\",\"url\":\"https:\/\/www.agronomoscuenca.es\/\",\"logo\":{\"@type\":\"ImageObject\",\"inLanguage\":\"es\",\"@id\":\"https:\/\/www.agronomoscuenca.es\/#\/schema\/logo\/image\/\",\"url\":\"https:\/\/www.agronomoscuenca.es\/wp-content\/uploads\/2023\/06\/cropped-logo-apiac-800x470-1.jpg\",\"contentUrl\":\"https:\/\/www.agronomoscuenca.es\/wp-content\/uploads\/2023\/06\/cropped-logo-apiac-800x470-1.jpg\",\"width\":800,\"height\":419,\"caption\":\"APIAC\"},\"image\":{\"@id\":\"https:\/\/www.agronomoscuenca.es\/#\/schema\/logo\/image\/\"}}]}<\/script>\n<!-- \/ Yoast SEO plugin. -->","yoast_head_json":{"title":"QUIEN SOMOS - APIAC","robots":{"index":"index","follow":"follow","max-snippet":"max-snippet:-1","max-image-preview":"max-image-preview:large","max-video-preview":"max-video-preview:-1"},"canonical":"https:\/\/www.agronomoscuenca.es\/index.php\/quien-somos\/","og_locale":"es_ES","og_type":"article","og_title":"QUIEN SOMOS - APIAC","og_description":"La Asociaci\u00f3n Profesional de Ingenieros Agr\u00f3nomos de Cuenca nace en 2.012 con un doble\u00a0 objetivo: Por una parte, servir como interlocutor del colectivo frente a la Administraci\u00f3n y a los Medios de Comunicaci\u00f3n. Por otra parte, aunar las demandas de los Ingenieros Agr\u00f3nomos que desarrollan su labor profesional en la provincia de Cuenca y m\u00e1s [&hellip;]","og_url":"https:\/\/www.agronomoscuenca.es\/index.php\/quien-somos\/","og_site_name":"APIAC","article_modified_time":"2023-06-22T17:27:44+00:00","og_image":[{"url":"https:\/\/www.agronomoscuenca.es\/wp-content\/uploads\/2023\/06\/apiac-asociacion-ingenieros-agronomos-de-cuenca-02-1024x416.jpg","type":"","width":"","height":""}],"twitter_card":"summary_large_image","twitter_misc":{"Tiempo de lectura":"2 minutos"},"schema":{"@context":"https:\/\/schema.org","@graph":[{"@type":"WebPage","@id":"https:\/\/www.agronomoscuenca.es\/index.php\/quien-somos\/","url":"https:\/\/www.agronomoscuenca.es\/index.php\/quien-somos\/","name":"QUIEN SOMOS - APIAC","isPartOf":{"@id":"https:\/\/www.agronomoscuenca.es\/#website"},"primaryImageOfPage":{"@id":"https:\/\/www.agronomoscuenca.es\/index.php\/quien-somos\/#primaryimage"},"image":{"@id":"https:\/\/www.agronomoscuenca.es\/index.php\/quien-somos\/#primaryimage"},"thumbnailUrl":"https:\/\/www.agronomoscuenca.es\/wp-content\/uploads\/2023\/06\/apiac-asociacion-ingenieros-agronomos-de-cuenca-02-1024x416.jpg","datePublished":"2023-06-22T17:27:42+00:00","dateModified":"2023-06-22T17:27:44+00:00","breadcrumb":{"@id":"https:\/\/www.agronomoscuenca.es\/index.php\/quien-somos\/#breadcrumb"},"inLanguage":"es","potentialAction":[{"@type":"ReadAction","target":["https:\/\/www.agronomoscuenca.es\/index.php\/quien-somos\/"]}]},{"@type":"ImageObject","inLanguage":"es","@id":"https:\/\/www.agronomoscuenca.es\/index.php\/quien-somos\/#primaryimage","url":"https:\/\/www.agronomoscuenca.es\/wp-content\/uploads\/2023\/06\/apiac-asociacion-ingenieros-agronomos-de-cuenca-02-1024x416.jpg","contentUrl":"https:\/\/www.agronomoscuenca.es\/wp-content\/uploads\/2023\/06\/apiac-asociacion-ingenieros-agronomos-de-cuenca-02-1024x416.jpg"},{"@type":"BreadcrumbList","@id":"https:\/\/www.agronomoscuenca.es\/index.php\/quien-somos\/#breadcrumb","itemListElement":[{"@type":"ListItem","position":1,"name":"Portada","item":"https:\/\/www.agronomoscuenca.es\/"},{"@type":"ListItem","position":2,"name":"QUIEN SOMOS"}]},{"@type":"WebSite","@id":"https:\/\/www.agronomoscuenca.es\/#website","url":"https:\/\/www.agronomoscuenca.es\/","name":"APIAC","description":"Asociaci\u00f3n Profesional de Ingenieros Agronomos","publisher":{"@id":"https:\/\/www.agronomoscuenca.es\/#organization"},"potentialAction":[{"@type":"SearchAction","target":{"@type":"EntryPoint","urlTemplate":"https:\/\/www.agronomoscuenca.es\/?s={search_term_string}"},"query-input":{"@type":"PropertyValueSpecification","valueRequired":true,"valueName":"search_term_string"}}],"inLanguage":"es"},{"@type":"Organization","@id":"https:\/\/www.agronomoscuenca.es\/#organization","name":"APIAC","url":"https:\/\/www.agronomoscuenca.es\/","logo":{"@type":"ImageObject","inLanguage":"es","@id":"https:\/\/www.agronomoscuenca.es\/#\/schema\/logo\/image\/","url":"https:\/\/www.agronomoscuenca.es\/wp-content\/uploads\/2023\/06\/cropped-logo-apiac-800x470-1.jpg","contentUrl":"https:\/\/www.agronomoscuenca.es\/wp-content\/uploads\/2023\/06\/cropped-logo-apiac-800x470-1.jpg","width":800,"height":419,"caption":"APIAC"},"image":{"@id":"https:\/\/www.agronomoscuenca.es\/#\/schema\/logo\/image\/"}}]}},"jetpack_sharing_enabled":true,"_links":{"self":[{"href":"https:\/\/www.agronomoscuenca.es\/index.php\/wp-json\/wp\/v2\/pages\/44","targetHints":{"allow":["GET"]}}],"collection":[{"href":"https:\/\/www.agronomoscuenca.es\/index.php\/wp-json\/wp\/v2\/pages"}],"about":[{"href":"https:\/\/www.agronomoscuenca.es\/index.php\/wp-json\/wp\/v2\/types\/page"}],"author":[{"embeddable":true,"href":"https:\/\/www.agronomoscuenca.es\/index.php\/wp-json\/wp\/v2\/users\/1"}],"replies":[{"embeddable":true,"href":"https:\/\/www.agronomoscuenca.es\/index.php\/wp-json\/wp\/v2\/comments?post=44"}],"version-history":[{"count":1,"href":"https:\/\/www.agronomoscuenca.es\/index.php\/wp-json\/wp\/v2\/pages\/44\/revisions"}],"predecessor-version":[{"id":46,"href":"https:\/\/www.agronomoscuenca.es\/index.php\/wp-json\/wp\/v2\/pages\/44\/revisions\/46"}],"wp:attachment":[{"href":"https:\/\/www.agronomoscuenca.es\/index.php\/wp-json\/wp\/v2\/media?parent=44"}],"curies":[{"name":"wp","href":"https:\/\/api.w.org\/{rel}","templated":true}]}}

<div class="wp-block-image">
<figure class="aligncenter size-large"><img loading="lazy" decoding="async" width="1024" height="416" src="https://www.agronomoscuenca.es/wp-content/uploads/2023/06/apiac-asociacion-ingenieros-agronomos-de-cuenca-02-1024x416.jpg" alt="" class="wp-image-45" srcset="https://www.agronomoscuenca.es/wp-content/uploads/2023/06/apiac-asociacion-ingenieros-agronomos-de-cuenca-02-1024x416.jpg 1024w, https://www.agronomoscuenca.es/wp-content/uploads/2023/06/apiac-asociacion-ingenieros-agronomos-de-cuenca-02-300x122.jpg 300w, https://www.agronomoscuenca.es/wp-content/uploads/2023/06/apiac-asociacion-ingenieros-agronomos-de-cuenca-02-768x312.jpg 768w, https://www.agronomoscuenca.es/wp-content/uploads/2023/06/apiac-asociacion-ingenieros-agronomos-de-cuenca-02.jpg 1351w" sizes="auto, (max-width: 1024px) 100vw, 1024px" /></figure>
</div>


<p>La Asociación Profesional de Ingenieros Agrónomos de Cuenca nace en 2.012 con un doble  objetivo: Por una parte, servir como interlocutor del colectivo frente a la Administración y a los Medios de Comunicación.</p>



<p>Por otra parte, aunar las demandas de los Ingenieros Agrónomos que desarrollan su labor profesional en la provincia de Cuenca y más concretamente, de aquellos que se dedican al ejercicio libre de la profesión y que tienen unas necesidades específicas, distintas de las que pudieran tener aquellos que trabajan por cuenta ajena o en Organos de la Administración.</p>



<p>Estas demandas abarcan toda la actividad del Ingeniero Agrónomo y se centran en la defensa de sus competencias, la promoción del ejercicio libre de la profesión, las actividades de fomento y desarrollo de la actividad agropecuaria, la docencia y formación de nuevos agricultores/ganaderos, el desarrollo local, la actividad consultiva sobre agricultura y medio ambiente, etc.</p>



<p>La Asociación aglutina a Ingenieros colegiados en distintas demarcaciones geográficas: Centro, Albacete y Levante. No pretende ser un sustitutivo de los Colegios Profesionales, aunque sí que tiene como uno de sus principales objetivos la defensa activa del ejercicio libre de la profesión, campo éste en el que hay mucho por hacer.</p>



<p>Dado que el ambito profesional del Ingeniero Agrónomo es muy amplio, los campos de actuación son también variados, así como los interlocutores de la misma en todos los casos: Junta de Comunidades de Castilla la Mancha, Ayuntamientos, Diputación, Grupos de Acción Local, Sindicatos Agrarios, Entidades de Crédito, etc.</p>



<p>Así pues, desde esta página web, que pretende ser el principal medio de transmisión de las acciones desarrolladas por la Asociación, iremos centralizando a partir de ahora de forma dinámica la actividad de ésta y de sus asociados.</p>

<p>La Asociación Profesional de Ingenieros Agrónomos de Cuenca nace en 2.012 con un doble  objetivo: Por una parte, servir como interlocutor del colectivo frente a la Administración y a los Medios de Comunicación. Por otra parte, aunar las demandas de los Ingenieros Agrónomos que desarrollan su labor profesional en la provincia de Cuenca y más [&hellip;]</p>

<!-- This site is optimized with the Yoast SEO plugin v26.6 - https://yoast.com/wordpress/plugins/seo/ -->
<title>QUIEN SOMOS - APIAC</title>
<meta name="robots" content="index, follow, max-snippet:-1, max-image-preview:large, max-video-preview:-1" />
<link rel="canonical" href="https://www.agronomoscuenca.es/index.php/quien-somos/" />
<meta property="og:locale" content="es_ES" />
<meta property="og:type" content="article" />
<meta property="og:title" content="QUIEN SOMOS - APIAC" />
<meta property="og:description" content="La Asociación Profesional de Ingenieros Agrónomos de Cuenca nace en 2.012 con un doble  objetivo: Por una parte, servir como interlocutor del colectivo frente a la Administración y a los Medios de Comunicación. Por otra parte, aunar las demandas de los Ingenieros Agrónomos que desarrollan su labor profesional en la provincia de Cuenca y más [&hellip;]" />
<meta property="og:url" content="https://www.agronomoscuenca.es/index.php/quien-somos/" />
<meta property="og:site_name" content="APIAC" />
<meta property="article:modified_time" content="2023-06-22T17:27:44+00:00" />
<meta property="og:image" content="https://www.agronomoscuenca.es/wp-content/uploads/2023/06/apiac-asociacion-ingenieros-agronomos-de-cuenca-02-1024x416.jpg" />
<meta name="twitter:card" content="summary_large_image" />
<meta name="twitter:label1" content="Tiempo de lectura" />
	<meta name="twitter:data1" content="2 minutos" />
<script type="application/ld+json" class="yoast-schema-graph">{"@context":"https://schema.org","@graph":[{"@type":"WebPage","@id":"https://www.agronomoscuenca.es/index.php/quien-somos/","url":"https://www.agronomoscuenca.es/index.php/quien-somos/","name":"QUIEN SOMOS - APIAC","isPartOf":{"@id":"https://www.agronomoscuenca.es/#website"},"primaryImageOfPage":{"@id":"https://www.agronomoscuenca.es/index.php/quien-somos/#primaryimage"},"image":{"@id":"https://www.agronomoscuenca.es/index.php/quien-somos/#primaryimage"},"thumbnailUrl":"https://www.agronomoscuenca.es/wp-content/uploads/2023/06/apiac-asociacion-ingenieros-agronomos-de-cuenca-02-1024x416.jpg","datePublished":"2023-06-22T17:27:42+00:00","dateModified":"2023-06-22T17:27:44+00:00","breadcrumb":{"@id":"https://www.agronomoscuenca.es/index.php/quien-somos/#breadcrumb"},"inLanguage":"es","potentialAction":[{"@type":"ReadAction","target":["https://www.agronomoscuenca.es/index.php/quien-somos/"]}]},{"@type":"ImageObject","inLanguage":"es","@id":"https://www.agronomoscuenca.es/index.php/quien-somos/#primaryimage","url":"https://www.agronomoscuenca.es/wp-content/uploads/2023/06/apiac-asociacion-ingenieros-agronomos-de-cuenca-02-1024x416.jpg","contentUrl":"https://www.agronomoscuenca.es/wp-content/uploads/2023/06/apiac-asociacion-ingenieros-agronomos-de-cuenca-02-1024x416.jpg"},{"@type":"BreadcrumbList","@id":"https://www.agronomoscuenca.es/index.php/quien-somos/#breadcrumb","itemListElement":[{"@type":"ListItem","position":1,"name":"Portada","item":"https://www.agronomoscuenca.es/"},{"@type":"ListItem","position":2,"name":"QUIEN SOMOS"}]},{"@type":"WebSite","@id":"https://www.agronomoscuenca.es/#website","url":"https://www.agronomoscuenca.es/","name":"APIAC","description":"Asociación Profesional de Ingenieros Agronomos","publisher":{"@id":"https://www.agronomoscuenca.es/#organization"},"potentialAction":[{"@type":"SearchAction","target":{"@type":"EntryPoint","urlTemplate":"https://www.agronomoscuenca.es/?s={search_term_string}"},"query-input":{"@type":"PropertyValueSpecification","valueRequired":true,"valueName":"search_term_string"}}],"inLanguage":"es"},{"@type":"Organization","@id":"https://www.agronomoscuenca.es/#organization","name":"APIAC","url":"https://www.agronomoscuenca.es/","logo":{"@type":"ImageObject","inLanguage":"es","@id":"https://www.agronomoscuenca.es/#/schema/logo/image/","url":"https://www.agronomoscuenca.es/wp-content/uploads/2023/06/cropped-logo-apiac-800x470-1.jpg","contentUrl":"https://www.agronomoscuenca.es/wp-content/uploads/2023/06/cropped-logo-apiac-800x470-1.jpg","width":800,"height":419,"caption":"APIAC"},"image":{"@id":"https://www.agronomoscuenca.es/#/schema/logo/image/"}}]}</script>
<!-- / Yoast SEO plugin. -->

La Asociación Profesional de Ingenieros Agrónomos de Cuenca nace en 2.012 con un doble  objetivo: Por una parte, servir como interlocutor del colectivo frente a la Administración y a los Medios de Comunicación. Por otra parte, aunar las demandas de los Ingenieros Agrónomos que desarrollan su labor profesional en la provincia de Cuenca y más [&hellip;]

Asociación Profesional de Ingenieros Agronomos
