{"id":126,"date":"2023-06-22T21:48:31","date_gmt":"2023-06-22T21:48:31","guid":{"rendered":"http:\/\/www.agronomoscuenca.es\/?page_id=126"},"modified":"2023-06-22T21:48:32","modified_gmt":"2023-06-22T21:48:32","slug":"proyectos-de-ingeniero-agronomo","status":"publish","type":"page","link":"https:\/\/www.agronomoscuenca.es\/index.php\/proyectos-de-ingeniero-agronomo\/","title":{"rendered":"PROYECTOS DE INGENIERO AGR\u00d3NOMO"},"content":{"rendered":"<div class=\"wp-block-image\">\n<figure class=\"aligncenter size-full is-resized\"><img loading=\"lazy\" decoding=\"async\" src=\"http:\/\/www.agronomoscuenca.es\/wp-content\/uploads\/2023\/06\/preyectos-apiac.jpg\" alt=\"\" class=\"wp-image-127\" width=\"879\" height=\"549\" srcset=\"https:\/\/www.agronomoscuenca.es\/wp-content\/uploads\/2023\/06\/preyectos-apiac.jpg 800w, https:\/\/www.agronomoscuenca.es\/wp-content\/uploads\/2023\/06\/preyectos-apiac-300x188.jpg 300w, https:\/\/www.agronomoscuenca.es\/wp-content\/uploads\/2023\/06\/preyectos-apiac-768x480.jpg 768w\" sizes=\"auto, (max-width: 879px) 100vw, 879px\" \/><\/figure>\n<\/div>\n\n\n<p>El ingeniero agr\u00f3nomo es un t\u00e9cnico competente para la realizaci\u00f3n de cualquier tipo de proyecto asociado a asociado a al medio rural y al sector primario (agricultura y ganader\u00eda).<\/p>\n\n\n\n<p>Para la correcta ejecuci\u00f3n de cualquier tipo de proyecto es importante comentar que el proyecto desde que se concibe hasta que se pone en marcha debe de pasar por una serie de fases necesarias para su correcto funcionamiento, esto es la redacci\u00f3n de un proyecto de ejecuci\u00f3n y actividad para la aprobaci\u00f3n por parte del Ayuntamiento correspondiente, una vez dado el visto bueno por el Ayuntamiento es necesario la direcci\u00f3n de obra de ejecuci\u00f3n as\u00ed como la correspondiente coordinaci\u00f3n de seguridad y salud, previo a redactar el correspondientes final de obra para la puesta en marcha de la actividad.<\/p>\n\n\n\n<p>Entre otros el ingeniero agr\u00f3nomo es un t\u00e9cnico v\u00e1lido para la redacci\u00f3n, direcci\u00f3n de obra y coordinaci\u00f3n de seguridad y salud de los siguientes proyectos:<\/p>\n\n\n\n<ul class=\"wp-block-list\">\n<li>Demoliciones de construcciones asociados al sector primario (agricultura y ganader\u00eda).<\/li>\n\n\n\n<li>Valorizaci\u00f3n de residuos tanto agr\u00edcolas como de procedentes de la construcci\u00f3n y demolici\u00f3n.<\/li>\n\n\n\n<li>Edificaciones como almacenes (estructura de madera, hormig\u00f3n armado y acero).<\/li>\n\n\n\n<li>Proyectos de infraestructura rural (caminos, puentes, obras de drenaje, canales de riego).<\/li>\n\n\n\n<li>Proyectos ambientales (mejoras y restauraciones medioambientales).<\/li>\n<\/ul>\n\n\n\n<p>Unas de las competencias m\u00e1s importantes que el ingeniero agr\u00f3nomo realiza son todas aquellas relacionadas con la industria agroalimentaria:<\/p>\n\n\n\n<ul class=\"wp-block-list\">\n<li>Enolog\u00eda: bodegas para elaboraci\u00f3n de vinos y mostos.<ul><li>Fabricaci\u00f3n de alcoholes: sidra, vinagre y cervecer\u00edas.<\/li><\/ul><ul><li>Centrales lecheras: derivados l\u00e1cteos y f\u00e1brica de quesos.<\/li><\/ul><ul><li>Mataderos: salas de despiece y elaboraci\u00f3n de embutidos.<\/li><\/ul><ul><li>Instalaciones de congelaci\u00f3n de alimentos y productos agr\u00edcolas.<\/li><\/ul><ul><li>F\u00e1bricas de harinas y derivados.<\/li><\/ul><ul><li>F\u00e1bricas de aguas y bebidas no alcoh\u00f3licas.<\/li><\/ul><ul><li>Industria de aceites y grasas (almazaras\u2026).<\/li><\/ul>\n<ul class=\"wp-block-list\">\n<li>Industrias de hongos y setas.<\/li>\n<\/ul>\n<\/li>\n<\/ul>\n","protected":false},"excerpt":{"rendered":"<p>El ingeniero agr\u00f3nomo es un t\u00e9cnico competente para la realizaci\u00f3n de cualquier tipo de proyecto asociado a asociado a al medio rural y al sector primario (agricultura y ganader\u00eda). Para la correcta ejecuci\u00f3n de cualquier tipo de proyecto es importante comentar que el proyecto desde que se concibe hasta que se pone en marcha debe [&hellip;]<\/p>\n","protected":false},"author":1,"featured_media":127,"parent":0,"menu_order":0,"comment_status":"closed","ping_status":"closed","template":"","meta":{"footnotes":""},"class_list":["post-126","page","type-page","status-publish","has-post-thumbnail","czr-hentry"],"yoast_head":"<!-- This site is optimized with the Yoast SEO plugin v26.6 - https:\/\/yoast.com\/wordpress\/plugins\/seo\/ -->\n<title>PROYECTOS DE INGENIERO AGR\u00d3NOMO - APIAC<\/title>\n<meta name=\"robots\" content=\"index, follow, max-snippet:-1, max-image-preview:large, max-video-preview:-1\" \/>\n<link rel=\"canonical\" href=\"http:\/\/www.agronomoscuenca.es\/index.php\/proyectos-de-ingeniero-agronomo\/\" \/>\n<meta property=\"og:locale\" content=\"es_ES\" \/>\n<meta property=\"og:type\" content=\"article\" \/>\n<meta property=\"og:title\" content=\"PROYECTOS DE INGENIERO AGR\u00d3NOMO - APIAC\" \/>\n<meta property=\"og:description\" content=\"El ingeniero agr\u00f3nomo es un t\u00e9cnico competente para la realizaci\u00f3n de cualquier tipo de proyecto asociado a asociado a al medio rural y al sector primario (agricultura y ganader\u00eda). Para la correcta ejecuci\u00f3n de cualquier tipo de proyecto es importante comentar que el proyecto desde que se concibe hasta que se pone en marcha debe [&hellip;]\" \/>\n<meta property=\"og:url\" content=\"http:\/\/www.agronomoscuenca.es\/index.php\/proyectos-de-ingeniero-agronomo\/\" \/>\n<meta property=\"og:site_name\" content=\"APIAC\" \/>\n<meta property=\"article:modified_time\" content=\"2023-06-22T21:48:32+00:00\" \/>\n<meta property=\"og:image\" content=\"http:\/\/www.agronomoscuenca.es\/wp-content\/uploads\/2023\/06\/preyectos-apiac.jpg\" \/>\n\t<meta property=\"og:image:width\" content=\"800\" \/>\n\t<meta property=\"og:image:height\" content=\"500\" \/>\n\t<meta property=\"og:image:type\" content=\"image\/jpeg\" \/>\n<meta name=\"twitter:card\" content=\"summary_large_image\" \/>\n<meta name=\"twitter:label1\" content=\"Tiempo de lectura\" \/>\n\t<meta name=\"twitter:data1\" content=\"2 minutos\" \/>\n<script type=\"application\/ld+json\" class=\"yoast-schema-graph\">{\"@context\":\"https:\/\/schema.org\",\"@graph\":[{\"@type\":\"WebPage\",\"@id\":\"http:\/\/www.agronomoscuenca.es\/index.php\/proyectos-de-ingeniero-agronomo\/\",\"url\":\"http:\/\/www.agronomoscuenca.es\/index.php\/proyectos-de-ingeniero-agronomo\/\",\"name\":\"PROYECTOS DE INGENIERO AGR\u00d3NOMO - APIAC\",\"isPartOf\":{\"@id\":\"https:\/\/www.agronomoscuenca.es\/#website\"},\"primaryImageOfPage\":{\"@id\":\"http:\/\/www.agronomoscuenca.es\/index.php\/proyectos-de-ingeniero-agronomo\/#primaryimage\"},\"image\":{\"@id\":\"http:\/\/www.agronomoscuenca.es\/index.php\/proyectos-de-ingeniero-agronomo\/#primaryimage\"},\"thumbnailUrl\":\"https:\/\/www.agronomoscuenca.es\/wp-content\/uploads\/2023\/06\/preyectos-apiac.jpg\",\"datePublished\":\"2023-06-22T21:48:31+00:00\",\"dateModified\":\"2023-06-22T21:48:32+00:00\",\"breadcrumb\":{\"@id\":\"http:\/\/www.agronomoscuenca.es\/index.php\/proyectos-de-ingeniero-agronomo\/#breadcrumb\"},\"inLanguage\":\"es\",\"potentialAction\":[{\"@type\":\"ReadAction\",\"target\":[\"http:\/\/www.agronomoscuenca.es\/index.php\/proyectos-de-ingeniero-agronomo\/\"]}]},{\"@type\":\"ImageObject\",\"inLanguage\":\"es\",\"@id\":\"http:\/\/www.agronomoscuenca.es\/index.php\/proyectos-de-ingeniero-agronomo\/#primaryimage\",\"url\":\"https:\/\/www.agronomoscuenca.es\/wp-content\/uploads\/2023\/06\/preyectos-apiac.jpg\",\"contentUrl\":\"https:\/\/www.agronomoscuenca.es\/wp-content\/uploads\/2023\/06\/preyectos-apiac.jpg\",\"width\":800,\"height\":500},{\"@type\":\"BreadcrumbList\",\"@id\":\"http:\/\/www.agronomoscuenca.es\/index.php\/proyectos-de-ingeniero-agronomo\/#breadcrumb\",\"itemListElement\":[{\"@type\":\"ListItem\",\"position\":1,\"name\":\"Portada\",\"item\":\"https:\/\/www.agronomoscuenca.es\/\"},{\"@type\":\"ListItem\",\"position\":2,\"name\":\"PROYECTOS DE INGENIERO AGR\u00d3NOMO\"}]},{\"@type\":\"WebSite\",\"@id\":\"https:\/\/www.agronomoscuenca.es\/#website\",\"url\":\"https:\/\/www.agronomoscuenca.es\/\",\"name\":\"APIAC\",\"description\":\"Asociaci\u00f3n Profesional de Ingenieros Agronomos\",\"publisher\":{\"@id\":\"https:\/\/www.agronomoscuenca.es\/#organization\"},\"potentialAction\":[{\"@type\":\"SearchAction\",\"target\":{\"@type\":\"EntryPoint\",\"urlTemplate\":\"https:\/\/www.agronomoscuenca.es\/?s={search_term_string}\"},\"query-input\":{\"@type\":\"PropertyValueSpecification\",\"valueRequired\":true,\"valueName\":\"search_term_string\"}}],\"inLanguage\":\"es\"},{\"@type\":\"Organization\",\"@id\":\"https:\/\/www.agronomoscuenca.es\/#organization\",\"name\":\"APIAC\",\"url\":\"https:\/\/www.agronomoscuenca.es\/\",\"logo\":{\"@type\":\"ImageObject\",\"inLanguage\":\"es\",\"@id\":\"https:\/\/www.agronomoscuenca.es\/#\/schema\/logo\/image\/\",\"url\":\"https:\/\/www.agronomoscuenca.es\/wp-content\/uploads\/2023\/06\/cropped-logo-apiac-800x470-1.jpg\",\"contentUrl\":\"https:\/\/www.agronomoscuenca.es\/wp-content\/uploads\/2023\/06\/cropped-logo-apiac-800x470-1.jpg\",\"width\":800,\"height\":419,\"caption\":\"APIAC\"},\"image\":{\"@id\":\"https:\/\/www.agronomoscuenca.es\/#\/schema\/logo\/image\/\"}}]}<\/script>\n<!-- \/ Yoast SEO plugin. -->","yoast_head_json":{"title":"PROYECTOS DE INGENIERO AGR\u00d3NOMO - APIAC","robots":{"index":"index","follow":"follow","max-snippet":"max-snippet:-1","max-image-preview":"max-image-preview:large","max-video-preview":"max-video-preview:-1"},"canonical":"http:\/\/www.agronomoscuenca.es\/index.php\/proyectos-de-ingeniero-agronomo\/","og_locale":"es_ES","og_type":"article","og_title":"PROYECTOS DE INGENIERO AGR\u00d3NOMO - APIAC","og_description":"El ingeniero agr\u00f3nomo es un t\u00e9cnico competente para la realizaci\u00f3n de cualquier tipo de proyecto asociado a asociado a al medio rural y al sector primario (agricultura y ganader\u00eda). Para la correcta ejecuci\u00f3n de cualquier tipo de proyecto es importante comentar que el proyecto desde que se concibe hasta que se pone en marcha debe [&hellip;]","og_url":"http:\/\/www.agronomoscuenca.es\/index.php\/proyectos-de-ingeniero-agronomo\/","og_site_name":"APIAC","article_modified_time":"2023-06-22T21:48:32+00:00","og_image":[{"width":800,"height":500,"url":"http:\/\/www.agronomoscuenca.es\/wp-content\/uploads\/2023\/06\/preyectos-apiac.jpg","type":"image\/jpeg"}],"twitter_card":"summary_large_image","twitter_misc":{"Tiempo de lectura":"2 minutos"},"schema":{"@context":"https:\/\/schema.org","@graph":[{"@type":"WebPage","@id":"http:\/\/www.agronomoscuenca.es\/index.php\/proyectos-de-ingeniero-agronomo\/","url":"http:\/\/www.agronomoscuenca.es\/index.php\/proyectos-de-ingeniero-agronomo\/","name":"PROYECTOS DE INGENIERO AGR\u00d3NOMO - APIAC","isPartOf":{"@id":"https:\/\/www.agronomoscuenca.es\/#website"},"primaryImageOfPage":{"@id":"http:\/\/www.agronomoscuenca.es\/index.php\/proyectos-de-ingeniero-agronomo\/#primaryimage"},"image":{"@id":"http:\/\/www.agronomoscuenca.es\/index.php\/proyectos-de-ingeniero-agronomo\/#primaryimage"},"thumbnailUrl":"https:\/\/www.agronomoscuenca.es\/wp-content\/uploads\/2023\/06\/preyectos-apiac.jpg","datePublished":"2023-06-22T21:48:31+00:00","dateModified":"2023-06-22T21:48:32+00:00","breadcrumb":{"@id":"http:\/\/www.agronomoscuenca.es\/index.php\/proyectos-de-ingeniero-agronomo\/#breadcrumb"},"inLanguage":"es","potentialAction":[{"@type":"ReadAction","target":["http:\/\/www.agronomoscuenca.es\/index.php\/proyectos-de-ingeniero-agronomo\/"]}]},{"@type":"ImageObject","inLanguage":"es","@id":"http:\/\/www.agronomoscuenca.es\/index.php\/proyectos-de-ingeniero-agronomo\/#primaryimage","url":"https:\/\/www.agronomoscuenca.es\/wp-content\/uploads\/2023\/06\/preyectos-apiac.jpg","contentUrl":"https:\/\/www.agronomoscuenca.es\/wp-content\/uploads\/2023\/06\/preyectos-apiac.jpg","width":800,"height":500},{"@type":"BreadcrumbList","@id":"http:\/\/www.agronomoscuenca.es\/index.php\/proyectos-de-ingeniero-agronomo\/#breadcrumb","itemListElement":[{"@type":"ListItem","position":1,"name":"Portada","item":"https:\/\/www.agronomoscuenca.es\/"},{"@type":"ListItem","position":2,"name":"PROYECTOS DE INGENIERO AGR\u00d3NOMO"}]},{"@type":"WebSite","@id":"https:\/\/www.agronomoscuenca.es\/#website","url":"https:\/\/www.agronomoscuenca.es\/","name":"APIAC","description":"Asociaci\u00f3n Profesional de Ingenieros Agronomos","publisher":{"@id":"https:\/\/www.agronomoscuenca.es\/#organization"},"potentialAction":[{"@type":"SearchAction","target":{"@type":"EntryPoint","urlTemplate":"https:\/\/www.agronomoscuenca.es\/?s={search_term_string}"},"query-input":{"@type":"PropertyValueSpecification","valueRequired":true,"valueName":"search_term_string"}}],"inLanguage":"es"},{"@type":"Organization","@id":"https:\/\/www.agronomoscuenca.es\/#organization","name":"APIAC","url":"https:\/\/www.agronomoscuenca.es\/","logo":{"@type":"ImageObject","inLanguage":"es","@id":"https:\/\/www.agronomoscuenca.es\/#\/schema\/logo\/image\/","url":"https:\/\/www.agronomoscuenca.es\/wp-content\/uploads\/2023\/06\/cropped-logo-apiac-800x470-1.jpg","contentUrl":"https:\/\/www.agronomoscuenca.es\/wp-content\/uploads\/2023\/06\/cropped-logo-apiac-800x470-1.jpg","width":800,"height":419,"caption":"APIAC"},"image":{"@id":"https:\/\/www.agronomoscuenca.es\/#\/schema\/logo\/image\/"}}]}},"jetpack_sharing_enabled":true,"_links":{"self":[{"href":"https:\/\/www.agronomoscuenca.es\/index.php\/wp-json\/wp\/v2\/pages\/126","targetHints":{"allow":["GET"]}}],"collection":[{"href":"https:\/\/www.agronomoscuenca.es\/index.php\/wp-json\/wp\/v2\/pages"}],"about":[{"href":"https:\/\/www.agronomoscuenca.es\/index.php\/wp-json\/wp\/v2\/types\/page"}],"author":[{"embeddable":true,"href":"https:\/\/www.agronomoscuenca.es\/index.php\/wp-json\/wp\/v2\/users\/1"}],"replies":[{"embeddable":true,"href":"https:\/\/www.agronomoscuenca.es\/index.php\/wp-json\/wp\/v2\/comments?post=126"}],"version-history":[{"count":1,"href":"https:\/\/www.agronomoscuenca.es\/index.php\/wp-json\/wp\/v2\/pages\/126\/revisions"}],"predecessor-version":[{"id":128,"href":"https:\/\/www.agronomoscuenca.es\/index.php\/wp-json\/wp\/v2\/pages\/126\/revisions\/128"}],"wp:featuredmedia":[{"embeddable":true,"href":"https:\/\/www.agronomoscuenca.es\/index.php\/wp-json\/wp\/v2\/media\/127"}],"wp:attachment":[{"href":"https:\/\/www.agronomoscuenca.es\/index.php\/wp-json\/wp\/v2\/media?parent=126"}],"curies":[{"name":"wp","href":"https:\/\/api.w.org\/{rel}","templated":true}]}}